c(i) = i**3 + 10*i**2 + 3*i - 30. Let r be c(-7). What is the greatest common divisor of r and 6?
6
Suppose 490 = -m - 6*m. Let b = -49 - m. What is the greatest common factor of b and 84?
21
Suppose -21 + 1 = -5*i - 4*x, -4 = -i - 2*x. Suppose 0 = i*j - 115 + 43. Calculate the greatest common factor of j and 12.
6
Suppose 0*w = -w. Suppose 2*z + 2*z - 40 = w. Let j = -11 + 31. What is the highest common divisor of z and j?
10
Let d be (10*(-1)/1)/(87/(-957)). Let v = 1 - -9. What is the greatest common divisor of d and v?
10
Let z(w) = w**3 + 7*w**2 - 10*w + 5. Let d be z(-8). Let m = -2 + d. What is the greatest common divisor of m and 57?
19
Suppose 347 - 59 = 2*s - 4*l, -2*l + 306 = 2*s. What is the greatest common factor of s and 20?
10
Let h be (48 + 1 + 3)/(1/13). What is the highest common factor of 156 and h?
52
Suppose -k = -5*k - 4*p + 32, 0 = -5*k + p + 40. Calculate the greatest common factor of 536 and k.
8
Suppose -18*i + 20*i - 48 = 0. Suppose 0 = 5*u - 9 - 1. Suppose 7*f - 60 = u*f. What is the greatest common factor of i and f?
12
Suppose 5*f + 3*y = -y - 50, -3*f - 8 = -2*y. Let l(u) = u + 16. Let w be l(f). Let t = 1 - -3. Calculate the greatest common factor of t and w.
2
Let s be -23 + (25/10 - (-1)/(-2)). Let t be s/12 - -1 - (-637)/28. What is the highest common divisor of t and 22?
22
Let p(v) = 5*v**2 + 21*v - 10. Let y be p(-6). Let h(q) = 3*q**2 - 2*q + 3. Let j be h(-5). Calculate the highest common factor of y and j.
44
Let p be (-32)/(-6)*1*(-126)/(-24). Let m = -10 + p. Calculate the greatest common factor of m and 27.
9
Let d be 39/(1/1 + -2). Let c = -23 - d. Calculate the greatest common divisor of c and 40.
8
Let m = 23 - -2. Suppose -5*r = 2*p - 195, -7 = 4*r - 3. What is the greatest common divisor of p and m?
25
Let d(w) be the third derivative of 0*w - 1/60*w**5 + 2/3*w**3 + 0 - 1/6*w**4 + 9*w**2. Let t be d(-4). Calculate the greatest common factor of t and 20.
4
Let t(o) = -o**3 - 8*o**2 + 2. Let q be t(-8). Suppose 5*k + 260 = q*d + 4*k, 2*k - 272 = -2*d. What is the greatest common divisor of 12 and d?
12
Let g be (-41)/(-3) + (-30)/(-90). Calculate the highest common divisor of 574 and g.
14
Suppose 2*a - 34 + 0 = 0. Let v = a + 82. Calculate the highest common factor of v and 9.
9
Suppose -4*c - 15 = -11. Let w be 12/(-54) + c/((-18)/2740). What is the highest common divisor of 19 and w?
19
Let j = -1279 + 1422. What is the highest common divisor of 121 and j?
11
Let a be (-4)/14 - (-216)/21. Let c = a - 7. Suppose 0 = -0*b - c*b + 45. Calculate the greatest common factor of 135 and b.
15
Let f = 570 + -460. Calculate the highest common factor of f and 605.
55
Suppose -2*j = 1 - 11. Suppose j*s - 8 = 12. What is the highest common divisor of s and 10?
2
Suppose -l - 14*a + 518 = -19*a, 2114 = 4*l + a. Calculate the greatest common factor of 33 and l.
33
Let a be (-1 - -2)*(50 - 50) + 72. Calculate the greatest common factor of 252 and a.
36
Suppose 0 = -2*i + h + 17, 0 = 3*i + h - 4*h - 27. Let r = i - -10. Calculate the highest common divisor of r and 126.
18
Let c be (-5 - -26) + (3 - -1)*-1. Suppose -c = -i + t, 5*i + 4*t - 6 = 43. What is the highest common factor of 26 and i?
13
Let a(v) = -4*v + 8. Let r be a(2). Suppose -c = -4*u - 18, -c + r*u + 26 = 4*u. Calculate the highest common divisor of c and 22.
22
Suppose 103 = 2*w + 4*m - 61, 0 = -2*w - 2*m + 172. Let f = -64 + w. What is the highest common divisor of f and 182?
26
Suppose 5743*r = 5744*r - 27. Let l = 16 - 7. What is the highest common factor of r and l?
9
Let w = -123 - -148. Let l be (-74)/(-10) - 10/w. Calculate the highest common factor of l and 14.
7
Let j = -780 - -783. What is the highest common divisor of 501 and j?
3
Let y be (-7 + -8)*66/(-18). Calculate the highest common factor of y and 2035.
55
Suppose 0 = -0*m - 4*m - 36. Let t be (3/(-4))/(m/(-180)). Let l be t/20 + 14/8. Calculate the greatest common factor of 3 and l.
1
Let p(l) = -7*l - l**2 - 20 + 16 + 19. Let d be p(-7). What is the greatest common divisor of d and 30?
15
Let r(z) = -4*z - 11. Let a be 18/81 - (-76)/(-18). Let k be r(a). What is the greatest common factor of 55 and k?
5
Suppose 3*y = 14 - 8. Suppose v - y = -0*v. Suppose v*l + q - 122 = -q, -l + 5*q = -31. What is the highest common factor of 8 and l?
8
Let n be (3/(4 + 146/(-38)))/1. What is the greatest common divisor of 1577 and n?
19
Let u(x) = -2*x + 49. Let q be u(-4). Calculate the highest common factor of q and 741.
57
Suppose 0 = -2*o - 3*n + 13, 0 = 3*o + 2*n - 10 - 12. Let g be 16/o + (0 - -3). Calculate the greatest common divisor of 35 and g.
5
Let q(s) = -3*s + 3. Let d be q(2). Let o be 14/((-25)/9 - d). Let x = -156 + 165. What is the highest common factor of x and o?
9
Let k = 33 + -23. Suppose 0*t + 5*t + 5*i - k = 0, -i = -t + 4. Let a be ((-2970)/(-36))/33*(-4)/(-5). Calculate the greatest common factor of t and a.
1
Suppose h = 5*x + 78, 0 = 3*x + h + 28 + 22. Let v = 26 + x. What is the highest common divisor of 80 and v?
10
Let x be (4/10)/((-1)/25). Let f = x + 21. Suppose 4*b = 2*l + 16, -3*b - 3*l + 10 + f = 0. What is the highest common divisor of b and 40?
5
Let o be 808/14 + 24/84. Let z be (123 - -18) + (-8)/(-2). What is the greatest common divisor of z and o?
29
Let o = -7 - -16. Suppose o*a - 148 = 59. Calculate the greatest common factor of 184 and a.
23
Suppose -3*p = -9 - 6. Suppose -8 = -p*i + 12. Calculate the greatest common divisor of 1 and i.
1
Suppose 0 = -4*z + 3*l - 42, -4*z - 3*l + 9 - 63 = 0. Let i = 54 - z. What is the highest common factor of i and 6?
6
Suppose k - 5*d = -2*k - 26, 0 = -3*k + 4*d - 22. Let w be 1 - k - (-20 + -7). Suppose -8*y + w = -2*y. Calculate the greatest common divisor of 2 and y.
1
Let l be -3*(-32)/(-7)*2457/(-54). Calculate the highest common divisor of l and 39.
39
Let l = -1096 - -1142. What is the highest common factor of l and 2162?
46
Let h = -419 + 425. What is the highest common factor of 354 and h?
6
Let g = 391 + -319. What is the greatest common divisor of g and 32?
8
Suppose -3*z - 4*r = -z - 1886, 3*z + r - 2839 = 0. Let k be (7 - 102/14) + z/7. What is the greatest common divisor of 5 and k?
5
Let h(n) = -n**2 - 5*n - 3. Let o be h(-3). Suppose -80*u + 17 = -63*u. What is the highest common factor of o and u?
1
Let q(f) = 13*f + 40. Let a be q(-2). Suppose -s + z = -92 - 32, 0 = -4*s + z + 502. Calculate the greatest common factor of a and s.
14
Suppose -2*v + 12 = -v. Let r(h) = -h**2 + 6. Let m be r(0). Calculate the highest common factor of v and m.
6
Let u(d) = -d**3 + 32*d**2 + 39*d - 54. Let y be u(33). Calculate the highest common factor of 108 and y.
36
Suppose -h - 7 + 4 = 0. Let u be ((-4)/(h/3))/1. Suppose u*p + 2*b = 30, -p - 2*b = p - 12. What is the greatest common divisor of 99 and p?
9
Suppose 4*j - 633 - 183 = 0. Calculate the greatest common divisor of 84 and j.
12
Let a be ((-76)/57)/((-4)/222). Calculate the greatest common divisor of a and 407.
37
Suppose -m + 8 + 7 = -3*r, 2*r = m - 11. Suppose 5*h + m*h = 2728. What is the highest common divisor of h and 31?
31
Let v be (5 + -10 + 7)*2*6. Calculate the highest common factor of v and 1128.
24
Let n(f) = -f**2 + 8*f + 22. Let h be n(9). Let a(y) = y**2 + 13*y + 6. Let c be a(h). Calculate the greatest common divisor of c and 43.
43
Let a = 168 + -164. Calculate the greatest common factor of a and 18.
2
Let r be (0 + -4)/2 - -5. Suppose 128 = 912*b - 908*b + 4*f, 5*b - 3*f = 168. Calculate the greatest common factor of r and b.
3
Let p be 126/8 - 2/(-8). Let w = -62 + 70. Calculate the greatest common divisor of w and p.
8
Let f be -3*(3 + (-44)/12). Let z be f/(-14) + 2530/70. What is the highest common factor of z and 90?
18
Let r be ((-945)/70)/((-1)/2). What is the greatest common factor of 36 and r?
9
Let m(g) = -40*g**3 - g**2 + 5*g + 7. Let i be m(-1). Calculate the highest common factor of 41 and i.
41
Let w = 6 - 3. Suppose -3*d = -105 + 30. Let o = w + d. What is the greatest common factor of o and 70?
14
Let c(s) = 2*s**2 - 5*s - 30. Let k be c(-5). Suppose 2*l + 3*y - k = 0, 3*y = 2*l + 3*l - 165. What is the greatest common divisor of 210 and l?
30
Let z be (-120)/(4 + 133/(-28)) - 7. Calculate the highest common divis